3*j = 2815. Let y be (-4)/26 - w/91. Give u(y).
4
Let p be (-11)/(-9) - 26/117. Suppose -4*c = 5*g + p, 0 = g + 3*g + 3*c. Let r(w) = -45*w**3 - 43*w**3 + 1 - 9*w**2 + 135*w**3 - 48*w**g. Determine r(-9).
1
Let l be -4 + (3 - 3) + 7. Let k be -4 + 44/10 - (-158)/5. Let a(u) = 3*u - 2 - k*u**2 + 51*u**2 + u**3 - 23*u**2. What is a(l)?
-2
Let j(h) = 4*h**2 + h. Suppose -2*a - 381 = -5*t, -7*a + 6*a - 201 = t. Let w = -197 - a. Determine j(w).
5
Let h be ((-270)/(-1890))/((-1)/(-14)). Let z(c) = c**3 + 5*c**2 - 8*c - 1. What is z(h)?
11
Let h(v) = 3494*v - 11*v**2 - 3494*v + 20*v**2 - 11*v**2 - 1. Let a be 3/1 - 1 - -8. Let q = 11 - a. What is h(q)?
-3
Let m be 8/24 - -1*((-896)/(-48) + -15). Let w(b) be the second derivative of -b**5/20 + b**4/3 - b**3/6 + 2*b**2 + b. Give w(m).
0
Let j(s) be the third derivative of -5*s**4/12 - 5*s**3/2 - s**2 + 1314. Calculate j(5).
-65
Let h(q) be the second derivative of -q**5/10 + 7*q**4/4 + 17*q**3/3 + 14*q**2 - 5680*q. Calculate h(12).
4
Let i(x) = 4*x**2 + 40*x + 13. Let d(u) = 22*u**2 + 252*u + 310. Let s be d(-10). Give i(s).
13
Let j = 170 + -177. Let i be (-1 - j/8) + 5609/(-568). Let f(h) = -h**2 - 10*h - 2. Calculate f(i).
-2
Suppose -9*d - 174 + 183 = 0. Suppose 21 = 6*a - a + 2*y, 0 = 5*a - 3*y - 6. Let q(g) = 10*g - 6*g - 5*g + a*g**2 + 1. Determine q(d).
3
Let o(f) = -4*f**3 + 14*f**2 + 3*f - 33. Let l(m) = -3*m**3 + 14*m**2 + 8*m - 35. Let d(h) = -3*l(h) + 2*o(h). What is d(15)?
-6
Let c(i) = -i + 11. Let l = 37 - 325. Let t = -280 - l. Determine c(t).
3
Let n(p) = -p**3 - 5*p**2 + 2*p + 1. Let w be 11 + (0/(1 + 3) - 0). Suppose 2 = -h - c + 6, 2*h - w = -3*c. Suppose h - 21 = 4*f. What is n(f)?
-9
Suppose -4*t = 5*o - 10, t + 11 = 3*o + 5. Let y(n) = -25*n**2 + 56*n**o + n - n**3 - 27*n**2. What is y(2)?
10
Let o(p) be the first derivative of 17*p**4/4 - 2*p**3/3 + p - 3. Let z = 6545 - 6544. Determine o(z).
16
Let n(u) = -114*u**2 - 20*u - 80. Let d(a) = -137*a**2 - 20*a - 81. Let q(j) = -5*d(j) + 6*n(j). Determine q(22).
-31
Let b(p) be the third derivative of 49*p**4/24 + p**3/6 - 77*p**2 - 22*p. Give b(2).
99
Let a(r) = -r**2 - 8*r + 1. Let z(v) = v**3 - 41*v**2 + 47*v + 87. Let o(q) = a(q) + z(q). Give o(41).
6
Let i(f) = -f**3 - 27*f**2 + 69*f + 317. Let b be i(-29). Let w(v) = 2*v**2 - 7*v - 14. Determine w(b).
8
Let y(f) be the second derivative of f**5/20 - f**3/6 - 4*f**2 + 47*f + 83. Let k = -2 + 2. What is y(k)?
-8
Suppose -2*p - 56 = -6*p. Suppose -4*i = a - 3, -3*i - 2*a = -5*i + p. Let d(o) = 1937 + 3*o - 3983 - o**2 - o + 2*o + 2045. What is d(i)?
3
Suppose -22*v + 2*v = -560. Let j(x) = 59 + 2*x - v - 34. What is j(2)?
1
Let v(x) be the first derivative of -2*x**3/3 + 9*x**2/2 + 15*x + 557. Give v(6).
-3
Let s(x) = 2*x + 2. Suppose -c + 12 = -13. Let w(m) = 6*m - 8. Let u be w(5). Let k = c - u. Determine s(k).
8
Let s = 10 - 11. Let n be (-40)/16*((-5238)/10 + 1). Let i(t) = -n*t + 650*t + 650*t. Calculate i(s).
7
Let v(t) = -t**2 + 11*t - 2. Let w = -25589 - -25598. Give v(w).
16
Let d(q) = -6*q + 2*q + q - 1. Let f = -25 - -27. Let k = f + -3. Give d(k).
2
Let p(y) = -y**3 - y**2 + 7*y + 3. Let l be (-9)/(-2)*(-28)/42. Give p(l).
0
Let q(w) = -w**2 - w + 3. Let v(o) = -3*o**2 - 33*o + 10. Let a be v(-11). Let t be (0 - 1/(-5)) + a/(-50). Calculate q(t).
3
Let v(z) = 116*z**3 + 10*z**2 + 9*z + 4. Let j(x) = 136*x**3 + 12*x**2 + 11*x + 5. Let t(h) = 5*j(h) - 6*v(h). Let n = 3 + -4. Determine t(n).
16
Let s(q) = -4 - 24*q + 14 - 9. Let g be 4/10 + (-2024)/(-115). Let f = g + -19. What is s(f)?
25
Let g(y) = -11*y**3 - 11*y**2 - 21*y - 7. Let d(r) = -14*r**3 - 10*r**2 - 22*r - 8. Let n(x) = 4*d(x) - 5*g(x). Calculate n(16).
19
Let g be -4*2/((-5)/5). Let z(j) = 40*j**2 + 9 - 18*j**2 + g*j - 21*j**2. Give z(-8).
9
Suppose 4*q + 16 = 0, -g + 9*q + 245 = 13*q. Let f = g + -259. Let c(v) = 2*v**2 - 2*v - 2. Calculate c(f).
2
Let g(q) = -9*q + 73. Let p(d) = 4*d - 57. Let t(y) = 3*g(y) + 5*p(y). What is t(-10)?
4
Let u(p) = 3*p**2 - 6*p - 4. Let l(g) = -2*g**3 + 45*g**2 + 27*g - 89. Let c be l(23). What is u(c)?
5
Let r(q) = q**2 + 17*q + 67. Let t = 1483 + -1492. Give r(t).
-5
Let i(n) = -133*n + n**3 - 116 - 4*n**2 + 134*n + 61 + 59. Suppose 2*x - 6 = 4*m, 5*x - 4*m = -0*x + 15. What is i(x)?
-2
Let p(a) = a**3 - 10*a**2 + 14*a + 19. Let c be p(8). Suppose -4*j + c*w + 2 = -22, w = -4. Let v(t) = 3*t + 3. Calculate v(j).
12
Let s(g) = -112*g - 12430. Let r be s(-111). Let x(t) = t - 2. Calculate x(r).
0
Let r(s) be the third derivative of 25*s**2 + 1/3*s**3 + 0*s + 3 + 1/24*s**4. Let q be 1*-3 + 28/(-7). What is r(q)?
-5
Let w be 2/8 + (-5)/20. Suppose -t = -5 - w. Let v(x) be the first derivative of -x**2 + 7*x + 89. Calculate v(t).
-3
Let c(d) be the third derivative of d**6/60 + 11*d**5/20 - 7*d**4/12 + 14*d**3/3 - 764*d**2. Determine c(-17).
-23
Let o(j) = 2*j + 61 - 4*j + 47 - 138 + 42. Give o(-8).
28
Let r(l) = 2*l + 5 - 3*l - 13*l + 14*l - 2*l. Give r(-10).
25
Let z be 5*(-16 + (-688)/(-40)). Let u(b) = -b**2 + 6*b - 8. Calculate u(z).
-8
Suppose -130 = -0*p + p. Let w = p - -128. Let q(n) = n**3 - 2*n + n**2 + n**2 + n. What is q(w)?
2
Let l be 7*-7 + (-3 - 57)/(-10). Let t be (-16)/2 + (l - -60). Let p(n) = n**2 - 8*n + 13. Give p(t).
22
Suppose -2*y - 392 = -10*y. Suppose 0 = -y*u + 45*u + 20. Let q(f) = f**2 - 5*f. Calculate q(u).
0
Let v(k) = k**2 + 11*k - 11. Let p(n) = 3*n**2 - 4*n - 5. Let m = -48 + 46. Let a be p(m). Let q be 3 + a*(-3 - -2). Determine v(q).
1
Let z be ((-10)/(-35) - 90/(-28))*48/84. Let q(h) = h**3 - 4*h**2 + 2*h - 3. Give q(z).
-7
Let l(n) = n + 11. Suppose 2*w + 238 = 282. Suppose -147 = w*m + 51. Determine l(m).
2
Let l(q) = 8*q**2 + 2*q - 3. Suppose -5*p = 3*j - 31, -19 = 53*j - 55*j - 3*p. What is l(j)?
33
Let c(z) = 2*z + 5. Suppose 4*k - 1 = -13. Let l(h) = -h**3 - 2*h**2 + 4*h + 7. Let r be l(k). Calculate c(r).
13
Let i(m) = m**3 + m**2 + 14. Let q be -1*8/10*5. Suppose 0 = 61*b - 65*b + 2*s - 2, 5*b + 8 = -3*s. Let h be b - 5/q - 31/124. What is i(h)?
14
Let f(a) = 3*a**2 - a + 1. Let m = -199 + 188. Let w(y) = 8*y**2 - 3*y + 2. Let b(o) = m*f(o) + 4*w(o). Give b(0).
-3
Let s(d) = -d + 1. Let u be s(-1). Suppose u*t - 6 = -0. Let b be ((-12)/18)/((-1)/t). Let z(r) = -r**2 - 2*r + 1. Determine z(b).
-7
Let w = 232 - 232. Let d = -18 + 18. Suppose w = -3*r - 3, -8 = -d*n + n + 3*r. Let k(s) = s**3 + 6*s**2 + 3*s - 2. Give k(n).
8
Let f(q) = 165*q**2 + 233*q + 7. Let s(k) = 66*k**2 + 97*k + 3. Let b(g) = 5*f(g) - 12*s(g). Calculate b(-2).
129
Let g(x) = x**3 + 40*x**2 + 36*x - 1. Let h be g(-1). Let p(c) = -4*c**2 + c - 3. Determine p(h).
-17
Let j(k) be the third derivative of -1/60*k**5 - 1/120*k**6 + 1/3*k**3 - 88*k**2 + 0 + 1/3*k**4 + 0*k. Give j(-3).
-4
Suppose 0 = -3*z - 3*z. Let b(h) be the third derivative of -h**7/840 + 5*h**4/6 + 7*h**3/6 + 5*h**2. Let r(d) be the first derivative of b(d). What is r(z)?
20
Let p(o) = 11*o**2 - 7. Suppose 4*u + 20 = -0*u. Let t(m) = -228313460*m + 6 + 228313460*m - 10*m**2. Let v(h) = u*p(h) - 6*t(h). Calculate v(2).
19
Let o(f) be the first derivative of 265*f**2 - 266*f**2 - 3*f - 5 + 2*f - 14. Let k(y) = -y**3 + 8*y**2 + y - 7. Let v be k(8). Give o(v).
-3
Let f(m) be the third derivative of -m**6/720 + 23*m**5/120 - m**4/24 + 5*m**3/6 - 4*m**2 - 3*m. Let g(y) be the second derivative of f(y). Give g(10).
13
Let b(a) = -1347*a + 1348. Let f be b(1). Let w be 2/9 + (-16)/(-9). Let p(v) = 0 - v - 2*v + 2*v + 1 + 7*v**w. Calculate p(f).
7
Suppose -23*l + 32*l = 27. Let h(g) = -24*g + 10*g + 2*g - l + 6*g. Calculate h(-2).
9
Let t(i) = -i**2 + 17*i + 41. Let a = -8521 + 8539. What is t(a)?
23
Let s(w) = -15*w + 171. Let n = -7251 + 7262. Determine s(n).
6
Let j = 36 - 34. Suppose -m = 4*m - 10, j*q - 2 = m. Let u(d) = 185*d**q - d - 181*d**2 - 3*d**3 + 2*d**3. Calculate u(4).
-4
Let h(s) = -10*s**2 + 12*s + 33. Let d(q) = 8*q**2 - 10*q - 28. Let c(k) = -4*d(k) - 3*h(k). Give c(-4).
-35
Suppose -6*v = 2*g - 9*v + 17, 4*g - 6 = -2*v. Let o(x) = -3*x. Let m(s) = 5*s - 9. Let r(z) = g*o(z) - m(z). Let b be 6/3 - (-1 + -3). Give r(b).
-3
Let k(g) = g**3 + 9*g**2 + 3*g - 9. Suppose -a = 5*b - b + 36, 2*a + 16 = -b. Determine k(b).
31
Let a(q) = -q**2 - 9*q - 4. Suppose -12 + 30 = h - 2*b, 4*b = 3*h 